{"id":11,"date":"2012-01-25T08:59:50","date_gmt":"2012-01-25T08:59:50","guid":{"rendered":"http:\/\/www.liceodeourense.com\/2.0\/?page_id=11"},"modified":"2026-04-23T10:45:08","modified_gmt":"2026-04-23T09:45:08","slug":"junta-directiva","status":"publish","type":"page","link":"https:\/\/www.liceodeourense.com\/2.0\/?page_id=11","title":{"rendered":"Junta Directiva"},"content":{"rendered":"<p><a href=\"http:\/\/www.liceodeourense.com\/2.0\/?attachment_id=11684\" rel=\"attachment wp-att-11684\"><img loading=\"lazy\" decoding=\"async\" class=\"wp-image-11684 alignleft\" src=\"https:\/\/www.liceodeourense.com\/2.0\/wp-content\/uploads\/xabier-casares.jpg\" alt=\"\" width=\"186\" height=\"109\" srcset=\"https:\/\/www.liceodeourense.com\/2.0\/wp-content\/uploads\/xabier-casares.jpg 1366w, https:\/\/www.liceodeourense.com\/2.0\/wp-content\/uploads\/xabier-casares-300x176.jpg 300w, https:\/\/www.liceodeourense.com\/2.0\/wp-content\/uploads\/xabier-casares-1024x600.jpg 1024w, https:\/\/www.liceodeourense.com\/2.0\/wp-content\/uploads\/xabier-casares-768x450.jpg 768w\" sizes=\"auto, (max-width: 186px) 100vw, 186px\" \/><\/a><strong>PRESIDENTE :\u00a0D. Javier Casares Mouri\u00f1o<\/strong><\/p>\n<p>&nbsp;<\/p>\n<p>&nbsp;<\/p>\n<p>&nbsp;<\/p>\n<p><strong><a href=\"http:\/\/www.liceodeourense.com\/2.0\/?attachment_id=11706\" rel=\"attachment wp-att-11706\"><img loading=\"lazy\" decoding=\"async\" class=\"wp-image-18406 alignleft\" src=\"https:\/\/www.liceodeourense.com\/2.0\/wp-content\/uploads\/481044560_1951421435689930_2346979831277546550_n.jpg\" alt=\"\" width=\"184\" height=\"122\" srcset=\"https:\/\/www.liceodeourense.com\/2.0\/wp-content\/uploads\/481044560_1951421435689930_2346979831277546550_n.jpg 960w, https:\/\/www.liceodeourense.com\/2.0\/wp-content\/uploads\/481044560_1951421435689930_2346979831277546550_n-300x200.jpg 300w, https:\/\/www.liceodeourense.com\/2.0\/wp-content\/uploads\/481044560_1951421435689930_2346979831277546550_n-768x512.jpg 768w\" sizes=\"auto, (max-width: 184px) 100vw, 184px\" \/><\/a><\/strong><\/p>\n<p>&nbsp;<\/p>\n<p><strong>VICEPRESIDENTE: D. Armando Gonz\u00e1lez L\u00f3pez<\/strong><\/p>\n<p>&nbsp;<\/p>\n<p>&nbsp;<\/p>\n<p><strong><img loading=\"lazy\" decoding=\"async\" class=\" wp-image-18400 alignleft\" src=\"https:\/\/www.liceodeourense.com\/2.0\/wp-content\/uploads\/IMG-20260423-WA0000.jpg\" alt=\"\" width=\"153\" height=\"247\" srcset=\"https:\/\/www.liceodeourense.com\/2.0\/wp-content\/uploads\/IMG-20260423-WA0000.jpg 449w, https:\/\/www.liceodeourense.com\/2.0\/wp-content\/uploads\/IMG-20260423-WA0000-186x300.jpg 186w\" sizes=\"auto, (max-width: 153px) 100vw, 153px\" \/>SECRETARIA: D\u00f1a. Rosa Estevez Redonet<\/strong><\/p>\n<p>&nbsp;<\/p>\n<p>&nbsp;<\/p>\n<p>&nbsp;<\/p>\n<p>&nbsp;<\/p>\n<p>&nbsp;<\/p>\n<p>&nbsp;<\/p>\n<p><a href=\"http:\/\/www.liceodeourense.com\/2.0\/?attachment_id=11691\" rel=\"attachment wp-att-11691\"><img loading=\"lazy\" decoding=\"async\" class=\" wp-image-11691 alignleft\" src=\"https:\/\/www.liceodeourense.com\/2.0\/wp-content\/uploads\/amadeo-rodriguez-pi\u00f1eiro.jpg\" alt=\"\" width=\"116\" height=\"110\" \/><\/a><strong>CONTADOR: D. Amadeo Rodr\u00edguez Pi\u00f1eiro<\/strong><\/p>\n<p>&nbsp;<\/p>\n<p>&nbsp;<\/p>\n<p>&nbsp;<\/p>\n<p><a href=\"https:\/\/www.liceodeourense.com\/2.0\/?attachment_id=13823\" rel=\"attachment wp-att-13823\"><img loading=\"lazy\" decoding=\"async\" class=\"alignleft wp-image-13823\" src=\"https:\/\/www.liceodeourense.com\/2.0\/wp-content\/uploads\/JACINTO.jpg\" alt=\"\" width=\"203\" height=\"89\" \/><\/a><strong>TESORERO: D. Jacinto Seara Amigo.<\/strong><\/p>\n<p>&nbsp;<\/p>\n<p>&nbsp;<\/p>\n<p>&nbsp;<\/p>\n<p><strong><img loading=\"lazy\" decoding=\"async\" class=\"wp-image-4054 alignleft\" src=\"https:\/\/www.liceodeourense.com\/2.0\/wp-content\/uploads\/rapela.jpg\" alt=\"\" width=\"102\" height=\"137\" srcset=\"https:\/\/www.liceodeourense.com\/2.0\/wp-content\/uploads\/rapela.jpg 316w, https:\/\/www.liceodeourense.com\/2.0\/wp-content\/uploads\/rapela-223x300.jpg 223w\" sizes=\"auto, (max-width: 102px) 100vw, 102px\" \/> BIBIOTECARIO: D. Manuel Ja\u00edme Mart\u00ednez Rapela.<\/strong><\/p>\n<p>&nbsp;<\/p>\n<p>&nbsp;<\/p>\n<p>&nbsp;<\/p>\n<p>&nbsp;<\/p>\n<p><strong>VOCALES<\/strong><\/p>\n<p>&nbsp;<\/p>\n<p><a href=\"http:\/\/www.liceodeourense.com\/2.0\/?attachment_id=11699\" rel=\"attachment wp-att-11699\"><img loading=\"lazy\" decoding=\"async\" class=\" wp-image-11699 alignleft\" src=\"https:\/\/www.liceodeourense.com\/2.0\/wp-content\/uploads\/joaquin-bello-filgueira.jpg\" alt=\"\" width=\"96\" height=\"95\" srcset=\"https:\/\/www.liceodeourense.com\/2.0\/wp-content\/uploads\/joaquin-bello-filgueira.jpg 175w, https:\/\/www.liceodeourense.com\/2.0\/wp-content\/uploads\/joaquin-bello-filgueira-150x150.jpg 150w\" sizes=\"auto, (max-width: 96px) 100vw, 96px\" \/><\/a>D. Joaqu\u00edn Bello Filgueira<\/p>\n<p>&nbsp;<\/p>\n<p>&nbsp;<\/p>\n<p>&nbsp;<\/p>\n<p><a href=\"http:\/\/www.liceodeourense.com\/2.0\/?attachment_id=11701\" rel=\"attachment wp-att-11701\"><img loading=\"lazy\" decoding=\"async\" class=\" wp-image-11701 alignleft\" src=\"https:\/\/www.liceodeourense.com\/2.0\/wp-content\/uploads\/anton-alonso.jpg\" alt=\"\" width=\"124\" height=\"124\" srcset=\"https:\/\/www.liceodeourense.com\/2.0\/wp-content\/uploads\/anton-alonso.jpg 160w, https:\/\/www.liceodeourense.com\/2.0\/wp-content\/uploads\/anton-alonso-150x150.jpg 150w\" sizes=\"auto, (max-width: 124px) 100vw, 124px\" \/><\/a>D. Ant\u00f3n Alonso Su\u00e1rez<\/p>\n<p>&nbsp;<\/p>\n<p>&nbsp;<\/p>\n<p>&nbsp;<\/p>\n<p><a href=\"http:\/\/www.liceodeourense.com\/2.0\/?attachment_id=11702\" rel=\"attachment wp-att-11702\"><img loading=\"lazy\" decoding=\"async\" class=\" wp-image-11702 alignleft\" src=\"https:\/\/www.liceodeourense.com\/2.0\/wp-content\/uploads\/jose-luis-fernandez-diaz.jpg\" alt=\"\" width=\"116\" height=\"116\" \/><\/a>D. Jos\u00e9 Luis Fern\u00e1ndez D\u00edaz<\/p>\n<p>&nbsp;<\/p>\n<p>&nbsp;<\/p>\n<p>&nbsp;<\/p>\n<p><img decoding=\"async\" class=\"alignnone size-full wp-image-17274\" src=\"https:\/\/www.liceodeourense.com\/2.0\/wp-content\/uploads\/sousa.tif\" alt=\"\" \/> <img loading=\"lazy\" decoding=\"async\" class=\"wp-image-17276 size-thumbnail alignleft\" src=\"https:\/\/www.liceodeourense.com\/2.0\/wp-content\/uploads\/sousa-150x150.jpg\" alt=\"\" width=\"150\" height=\"150\" \/>D. Jos\u00e9 Luis Sousa L\u00f3pez<\/p>\n<p>&nbsp;<\/p>\n<p>&nbsp;<\/p>\n","protected":false},"excerpt":{"rendered":"<p>PRESIDENTE :\u00a0D. Javier Casares Mouri\u00f1o &nbsp; &nbsp; &nbsp; &nbsp; VICEPRESIDENTE: D. Armando Gonz\u00e1lez L\u00f3pez &nbsp; &nbsp; SECRETARIA: D\u00f1a. Rosa Estevez Redonet &nbsp; &nbsp; &nbsp; &nbsp; &nbsp; &nbsp; CONTADOR: D. Amadeo Rodr\u00edguez Pi\u00f1eiro &nbsp; &nbsp; &nbsp; TESORERO: D. Jacinto Seara Amigo. &nbsp; &nbsp; &nbsp; BIBIOTECARIO: D. Manuel Ja\u00edme Mart\u00ednez Rapela. &nbsp; &nbsp; &nbsp; &nbsp; VOCALES &nbsp; [&hellip;]<\/p>\n","protected":false},"author":2,"featured_media":0,"parent":79,"menu_order":0,"comment_status":"closed","ping_status":"closed","template":"","meta":{"footnotes":""},"class_list":["post-11","page","type-page","status-publish","hentry"],"_links":{"self":[{"href":"https:\/\/www.liceodeourense.com\/2.0\/index.php?rest_route=\/wp\/v2\/pages\/11","targetHints":{"allow":["GET"]}}],"collection":[{"href":"https:\/\/www.liceodeourense.com\/2.0\/index.php?rest_route=\/wp\/v2\/pages"}],"about":[{"href":"https:\/\/www.liceodeourense.com\/2.0\/index.php?rest_route=\/wp\/v2\/types\/page"}],"author":[{"embeddable":true,"href":"https:\/\/www.liceodeourense.com\/2.0\/index.php?rest_route=\/wp\/v2\/users\/2"}],"replies":[{"embeddable":true,"href":"https:\/\/www.liceodeourense.com\/2.0\/index.php?rest_route=%2Fwp%2Fv2%2Fcomments&post=11"}],"version-history":[{"count":22,"href":"https:\/\/www.liceodeourense.com\/2.0\/index.php?rest_route=\/wp\/v2\/pages\/11\/revisions"}],"predecessor-version":[{"id":18407,"href":"https:\/\/www.liceodeourense.com\/2.0\/index.php?rest_route=\/wp\/v2\/pages\/11\/revisions\/18407"}],"up":[{"embeddable":true,"href":"https:\/\/www.liceodeourense.com\/2.0\/index.php?rest_route=\/wp\/v2\/pages\/79"}],"wp:attachment":[{"href":"https:\/\/www.liceodeourense.com\/2.0\/index.php?rest_route=%2Fwp%2Fv2%2Fmedia&parent=11"}],"curies":[{"name":"wp","href":"https:\/\/api.w.org\/{rel}","templated":true}]}}

<p><a href="http://www.liceodeourense.com/2.0/?attachment_id=11684" rel="attachment wp-att-11684"><img loading="lazy" decoding="async" class="wp-image-11684 alignleft" src="https://www.liceodeourense.com/2.0/wp-content/uploads/xabier-casares.jpg" alt="" width="186" height="109" srcset="https://www.liceodeourense.com/2.0/wp-content/uploads/xabier-casares.jpg 1366w, https://www.liceodeourense.com/2.0/wp-content/uploads/xabier-casares-300x176.jpg 300w, https://www.liceodeourense.com/2.0/wp-content/uploads/xabier-casares-1024x600.jpg 1024w, https://www.liceodeourense.com/2.0/wp-content/uploads/xabier-casares-768x450.jpg 768w" sizes="auto, (max-width: 186px) 100vw, 186px" /></a><strong>PRESIDENTE : D. Javier Casares Mouriño</strong></p>
<p>&nbsp;</p>
<p>&nbsp;</p>
<p>&nbsp;</p>
<p><strong><a href="http://www.liceodeourense.com/2.0/?attachment_id=11706" rel="attachment wp-att-11706"><img loading="lazy" decoding="async" class="wp-image-18406 alignleft" src="https://www.liceodeourense.com/2.0/wp-content/uploads/481044560_1951421435689930_2346979831277546550_n.jpg" alt="" width="184" height="122" srcset="https://www.liceodeourense.com/2.0/wp-content/uploads/481044560_1951421435689930_2346979831277546550_n.jpg 960w, https://www.liceodeourense.com/2.0/wp-content/uploads/481044560_1951421435689930_2346979831277546550_n-300x200.jpg 300w, https://www.liceodeourense.com/2.0/wp-content/uploads/481044560_1951421435689930_2346979831277546550_n-768x512.jpg 768w" sizes="auto, (max-width: 184px) 100vw, 184px" /></a></strong></p>
<p>&nbsp;</p>
<p><strong>VICEPRESIDENTE: D. Armando González López</strong></p>
<p>&nbsp;</p>
<p>&nbsp;</p>
<p><strong><img loading="lazy" decoding="async" class=" wp-image-18400 alignleft" src="https://www.liceodeourense.com/2.0/wp-content/uploads/IMG-20260423-WA0000.jpg" alt="" width="153" height="247" srcset="https://www.liceodeourense.com/2.0/wp-content/uploads/IMG-20260423-WA0000.jpg 449w, https://www.liceodeourense.com/2.0/wp-content/uploads/IMG-20260423-WA0000-186x300.jpg 186w" sizes="auto, (max-width: 153px) 100vw, 153px" />SECRETARIA: Dña. Rosa Estevez Redonet</strong></p>
<p>&nbsp;</p>
<p>&nbsp;</p>
<p>&nbsp;</p>
<p>&nbsp;</p>
<p>&nbsp;</p>
<p>&nbsp;</p>
<p><a href="http://www.liceodeourense.com/2.0/?attachment_id=11691" rel="attachment wp-att-11691"><img loading="lazy" decoding="async" class=" wp-image-11691 alignleft" src="https://www.liceodeourense.com/2.0/wp-content/uploads/amadeo-rodriguez-piñeiro.jpg" alt="" width="116" height="110" /></a><strong>CONTADOR: D. Amadeo Rodríguez Piñeiro</strong></p>
<p>&nbsp;</p>
<p>&nbsp;</p>
<p>&nbsp;</p>
<p><a href="https://www.liceodeourense.com/2.0/?attachment_id=13823" rel="attachment wp-att-13823"><img loading="lazy" decoding="async" class="alignleft wp-image-13823" src="https://www.liceodeourense.com/2.0/wp-content/uploads/JACINTO.jpg" alt="" width="203" height="89" /></a><strong>TESORERO: D. Jacinto Seara Amigo.</strong></p>
<p>&nbsp;</p>
<p>&nbsp;</p>
<p>&nbsp;</p>
<p><strong><img loading="lazy" decoding="async" class="wp-image-4054 alignleft" src="https://www.liceodeourense.com/2.0/wp-content/uploads/rapela.jpg" alt="" width="102" height="137" srcset="https://www.liceodeourense.com/2.0/wp-content/uploads/rapela.jpg 316w, https://www.liceodeourense.com/2.0/wp-content/uploads/rapela-223x300.jpg 223w" sizes="auto, (max-width: 102px) 100vw, 102px" /> BIBIOTECARIO: D. Manuel Jaíme Martínez Rapela.</strong></p>
<p>&nbsp;</p>
<p>&nbsp;</p>
<p>&nbsp;</p>
<p>&nbsp;</p>
<p><strong>VOCALES</strong></p>
<p>&nbsp;</p>
<p><a href="http://www.liceodeourense.com/2.0/?attachment_id=11699" rel="attachment wp-att-11699"><img loading="lazy" decoding="async" class=" wp-image-11699 alignleft" src="https://www.liceodeourense.com/2.0/wp-content/uploads/joaquin-bello-filgueira.jpg" alt="" width="96" height="95" srcset="https://www.liceodeourense.com/2.0/wp-content/uploads/joaquin-bello-filgueira.jpg 175w, https://www.liceodeourense.com/2.0/wp-content/uploads/joaquin-bello-filgueira-150x150.jpg 150w" sizes="auto, (max-width: 96px) 100vw, 96px" /></a>D. Joaquín Bello Filgueira</p>
<p>&nbsp;</p>
<p>&nbsp;</p>
<p>&nbsp;</p>
<p><a href="http://www.liceodeourense.com/2.0/?attachment_id=11701" rel="attachment wp-att-11701"><img loading="lazy" decoding="async" class=" wp-image-11701 alignleft" src="https://www.liceodeourense.com/2.0/wp-content/uploads/anton-alonso.jpg" alt="" width="124" height="124" srcset="https://www.liceodeourense.com/2.0/wp-content/uploads/anton-alonso.jpg 160w, https://www.liceodeourense.com/2.0/wp-content/uploads/anton-alonso-150x150.jpg 150w" sizes="auto, (max-width: 124px) 100vw, 124px" /></a>D. Antón Alonso Suárez</p>
<p>&nbsp;</p>
<p>&nbsp;</p>
<p>&nbsp;</p>
<p><a href="http://www.liceodeourense.com/2.0/?attachment_id=11702" rel="attachment wp-att-11702"><img loading="lazy" decoding="async" class=" wp-image-11702 alignleft" src="https://www.liceodeourense.com/2.0/wp-content/uploads/jose-luis-fernandez-diaz.jpg" alt="" width="116" height="116" /></a>D. José Luis Fernández Díaz</p>
<p>&nbsp;</p>
<p>&nbsp;</p>
<p>&nbsp;</p>
<p><img decoding="async" class="alignnone size-full wp-image-17274" src="https://www.liceodeourense.com/2.0/wp-content/uploads/sousa.tif" alt="" /> <img loading="lazy" decoding="async" class="wp-image-17276 size-thumbnail alignleft" src="https://www.liceodeourense.com/2.0/wp-content/uploads/sousa-150x150.jpg" alt="" width="150" height="150" />D. José Luis Sousa López</p>
<p>&nbsp;</p>
<p>&nbsp;</p>

<p>PRESIDENTE : D. Javier Casares Mouriño &nbsp; &nbsp; &nbsp; &nbsp; VICEPRESIDENTE: D. Armando González López &nbsp; &nbsp; SECRETARIA: Dña. Rosa Estevez Redonet &nbsp; &nbsp; &nbsp; &nbsp; &nbsp; &nbsp; CONTADOR: D. Amadeo Rodríguez Piñeiro &nbsp; &nbsp; &nbsp; TESORERO: D. Jacinto Seara Amigo. &nbsp; &nbsp; &nbsp; BIBIOTECARIO: D. Manuel Jaíme Martínez Rapela. &nbsp; &nbsp; &nbsp; &nbsp; VOCALES &nbsp; [&hellip;]</p>
