{"id":98,"date":"2012-01-26T10:04:23","date_gmt":"2012-01-26T10:04:23","guid":{"rendered":"http:\/\/www.liceodeourense.com\/2.0\/?page_id=98"},"modified":"2013-07-24T10:13:19","modified_gmt":"2013-07-24T09:13:19","slug":"arte-historia","status":"publish","type":"page","link":"http:\/\/www.liceodeourense.com\/2.0\/?page_id=98","title":{"rendered":"Arte \/ Historia"},"content":{"rendered":"<p><strong>Dirigida por D. Miguel \u00c1ngel Gonz\u00e1lez, Visitas a Centros y lugares de car\u00e1cter hist\u00f3rico, monumental y art\u00edstico.\u00a0 Excursiones concretas a Ciudades y Comarcas de las mismas caracter\u00edsticas.\u00a0 Conferencias, coloquios y tertulias sobre arte e historia.\u00a0 Jornadas en memoria de personalidades destacadas en el campo de la historia y del arte. Exposiciones, etc.<\/strong><\/p>\n<p>&nbsp;<\/p>\n<p><span style=\"font-size: 0.8em;\"><a href=\"http:\/\/www.liceodeourense.com\/2.0\/wp-content\/uploads\/MEMORIA-SECCION-ARTE-E-HISTORIA.jpg\"><img loading=\"lazy\" decoding=\"async\" class=\"alignleft  wp-image-3170\" alt=\"MEMORIA SECCION ARTE E HISTORIA\" src=\"http:\/\/www.liceodeourense.com\/2.0\/wp-content\/uploads\/MEMORIA-SECCION-ARTE-E-HISTORIA.jpg\" width=\"758\" height=\"536\" srcset=\"https:\/\/www.liceodeourense.com\/2.0\/wp-content\/uploads\/MEMORIA-SECCION-ARTE-E-HISTORIA.jpg 1754w, https:\/\/www.liceodeourense.com\/2.0\/wp-content\/uploads\/MEMORIA-SECCION-ARTE-E-HISTORIA-300x212.jpg 300w, https:\/\/www.liceodeourense.com\/2.0\/wp-content\/uploads\/MEMORIA-SECCION-ARTE-E-HISTORIA-1024x723.jpg 1024w\" sizes=\"auto, (max-width: 758px) 100vw, 758px\" \/><\/a> <a href=\"http:\/\/www.liceodeourense.com\/2.0\/wp-content\/uploads\/MEMORIA-SECCION-ARTE-E-HISTORIA-PAGINA-2.jpg\"><img loading=\"lazy\" decoding=\"async\" class=\"alignleft  wp-image-3171\" alt=\"MEMORIA SECCION ARTE E HISTORIA PAGINA 2\" src=\"http:\/\/www.liceodeourense.com\/2.0\/wp-content\/uploads\/MEMORIA-SECCION-ARTE-E-HISTORIA-PAGINA-2.jpg\" width=\"758\" height=\"536\" srcset=\"https:\/\/www.liceodeourense.com\/2.0\/wp-content\/uploads\/MEMORIA-SECCION-ARTE-E-HISTORIA-PAGINA-2.jpg 1754w, https:\/\/www.liceodeourense.com\/2.0\/wp-content\/uploads\/MEMORIA-SECCION-ARTE-E-HISTORIA-PAGINA-2-300x212.jpg 300w, https:\/\/www.liceodeourense.com\/2.0\/wp-content\/uploads\/MEMORIA-SECCION-ARTE-E-HISTORIA-PAGINA-2-1024x723.jpg 1024w\" sizes=\"auto, (max-width: 758px) 100vw, 758px\" \/><\/a>\u00a0<\/span><\/p>\n<h2><span style=\"color: #ff0000;\">INFORMACI\u00d3N NA\u00a0WEB DESTA SECCI\u00d3N:<\/span> <a href=\"http:\/\/www.liceodeourense.com\/2.0\/category\/seccion-de-arte-e-historia\/\">http:\/\/www.liceodeourense.com\/2.0\/category\/seccion-de-arte-e-historia\/<\/a><\/h2>\n","protected":false},"excerpt":{"rendered":"<p>Dirigida por D. Miguel \u00c1ngel Gonz\u00e1lez, Visitas a Centros y lugares de car\u00e1cter hist\u00f3rico, monumental y art\u00edstico.\u00a0 Excursiones concretas a Ciudades y Comarcas de las mismas caracter\u00edsticas.\u00a0 Conferencias, coloquios y tertulias sobre arte e historia.\u00a0 Jornadas en memoria de personalidades destacadas en el campo de la historia y del arte. Exposiciones, etc. &nbsp; \u00a0 INFORMACI\u00d3N [&hellip;]<\/p>\n","protected":false},"author":2,"featured_media":3170,"parent":18,"menu_order":0,"comment_status":"open","ping_status":"closed","template":"","meta":{"footnotes":""},"class_list":["post-98","page","type-page","status-publish","has-post-thumbnail","hentry"],"_links":{"self":[{"href":"http:\/\/www.liceodeourense.com\/2.0\/index.php?rest_route=\/wp\/v2\/pages\/98","targetHints":{"allow":["GET"]}}],"collection":[{"href":"http:\/\/www.liceodeourense.com\/2.0\/index.php?rest_route=\/wp\/v2\/pages"}],"about":[{"href":"http:\/\/www.liceodeourense.com\/2.0\/index.php?rest_route=\/wp\/v2\/types\/page"}],"author":[{"embeddable":true,"href":"http:\/\/www.liceodeourense.com\/2.0\/index.php?rest_route=\/wp\/v2\/users\/2"}],"replies":[{"embeddable":true,"href":"http:\/\/www.liceodeourense.com\/2.0\/index.php?rest_route=%2Fwp%2Fv2%2Fcomments&post=98"}],"version-history":[{"count":16,"href":"http:\/\/www.liceodeourense.com\/2.0\/index.php?rest_route=\/wp\/v2\/pages\/98\/revisions"}],"predecessor-version":[{"id":3173,"href":"http:\/\/www.liceodeourense.com\/2.0\/index.php?rest_route=\/wp\/v2\/pages\/98\/revisions\/3173"}],"up":[{"embeddable":true,"href":"http:\/\/www.liceodeourense.com\/2.0\/index.php?rest_route=\/wp\/v2\/pages\/18"}],"wp:featuredmedia":[{"embeddable":true,"href":"http:\/\/www.liceodeourense.com\/2.0\/index.php?rest_route=\/wp\/v2\/media\/3170"}],"wp:attachment":[{"href":"http:\/\/www.liceodeourense.com\/2.0\/index.php?rest_route=%2Fwp%2Fv2%2Fmedia&parent=98"}],"curies":[{"name":"wp","href":"https:\/\/api.w.org\/{rel}","templated":true}]}}

<p><strong>Dirigida por D. Miguel Ángel González, Visitas a Centros y lugares de carácter histórico, monumental y artístico.  Excursiones concretas a Ciudades y Comarcas de las mismas características.  Conferencias, coloquios y tertulias sobre arte e historia.  Jornadas en memoria de personalidades destacadas en el campo de la historia y del arte. Exposiciones, etc.</strong></p>
<p>&nbsp;</p>
<p><span style="font-size: 0.8em;"><a href="http://www.liceodeourense.com/2.0/wp-content/uploads/MEMORIA-SECCION-ARTE-E-HISTORIA.jpg"><img loading="lazy" decoding="async" class="alignleft  wp-image-3170" alt="MEMORIA SECCION ARTE E HISTORIA" src="http://www.liceodeourense.com/2.0/wp-content/uploads/MEMORIA-SECCION-ARTE-E-HISTORIA.jpg" width="758" height="536" srcset="https://www.liceodeourense.com/2.0/wp-content/uploads/MEMORIA-SECCION-ARTE-E-HISTORIA.jpg 1754w, https://www.liceodeourense.com/2.0/wp-content/uploads/MEMORIA-SECCION-ARTE-E-HISTORIA-300x212.jpg 300w, https://www.liceodeourense.com/2.0/wp-content/uploads/MEMORIA-SECCION-ARTE-E-HISTORIA-1024x723.jpg 1024w" sizes="auto, (max-width: 758px) 100vw, 758px" /></a> <a href="http://www.liceodeourense.com/2.0/wp-content/uploads/MEMORIA-SECCION-ARTE-E-HISTORIA-PAGINA-2.jpg"><img loading="lazy" decoding="async" class="alignleft  wp-image-3171" alt="MEMORIA SECCION ARTE E HISTORIA PAGINA 2" src="http://www.liceodeourense.com/2.0/wp-content/uploads/MEMORIA-SECCION-ARTE-E-HISTORIA-PAGINA-2.jpg" width="758" height="536" srcset="https://www.liceodeourense.com/2.0/wp-content/uploads/MEMORIA-SECCION-ARTE-E-HISTORIA-PAGINA-2.jpg 1754w, https://www.liceodeourense.com/2.0/wp-content/uploads/MEMORIA-SECCION-ARTE-E-HISTORIA-PAGINA-2-300x212.jpg 300w, https://www.liceodeourense.com/2.0/wp-content/uploads/MEMORIA-SECCION-ARTE-E-HISTORIA-PAGINA-2-1024x723.jpg 1024w" sizes="auto, (max-width: 758px) 100vw, 758px" /></a> </span></p>
<h2><span style="color: #ff0000;">INFORMACIÓN NA WEB DESTA SECCIÓN:</span> <a href="http://www.liceodeourense.com/2.0/category/seccion-de-arte-e-historia/">http://www.liceodeourense.com/2.0/category/seccion-de-arte-e-historia/</a></h2>

<p>Dirigida por D. Miguel Ángel González, Visitas a Centros y lugares de carácter histórico, monumental y artístico.  Excursiones concretas a Ciudades y Comarcas de las mismas características.  Conferencias, coloquios y tertulias sobre arte e historia.  Jornadas en memoria de personalidades destacadas en el campo de la historia y del arte. Exposiciones, etc. &nbsp;   INFORMACIÓN [&hellip;]</p>
