{"id":93,"date":"2012-01-26T10:01:06","date_gmt":"2012-01-26T10:01:06","guid":{"rendered":"http:\/\/www.liceodeourense.com\/2.0\/?page_id=93"},"modified":"2017-02-24T10:56:02","modified_gmt":"2017-02-24T09:56:02","slug":"servicios-para-asociaciones-instituciones-y-empresas","status":"publish","type":"page","link":"http:\/\/www.liceodeourense.com\/2.0\/?page_id=93","title":{"rendered":"SERVICIOS  para Asociaciones, Instituciones y Empresas"},"content":{"rendered":"<h3><span style=\"color: #3366ff;\">El Liceo de Ourense pone en marcha una serie de Servicios para Asociaciones, Instituciones y Empresas, poniendo a disposici\u00f3n Salas para Reuniones:<\/span><\/h3>\n<h3><a href=\"http:\/\/www.liceodeourense.com\/2.0\/wp-content\/uploads\/sala-tertulia-reunion-2.jpg\"><img loading=\"lazy\" decoding=\"async\" class=\"alignleft wp-image-2432\" src=\"http:\/\/www.liceodeourense.com\/2.0\/wp-content\/uploads\/sala-tertulia-reunion-2.jpg\" alt=\"sala tertulia reunion 2\" width=\"700\" height=\"467\" srcset=\"https:\/\/www.liceodeourense.com\/2.0\/wp-content\/uploads\/sala-tertulia-reunion-2.jpg 1000w, https:\/\/www.liceodeourense.com\/2.0\/wp-content\/uploads\/sala-tertulia-reunion-2-300x200.jpg 300w\" sizes=\"auto, (max-width: 700px) 100vw, 700px\" \/><\/a> <a href=\"http:\/\/www.liceodeourense.com\/2.0\/wp-content\/uploads\/sala-tertulia-reunion.jpg\"><img loading=\"lazy\" decoding=\"async\" class=\"alignleft wp-image-2433\" src=\"http:\/\/www.liceodeourense.com\/2.0\/wp-content\/uploads\/sala-tertulia-reunion.jpg\" alt=\"sala tertulia reunion\" width=\"640\" height=\"407\" srcset=\"https:\/\/www.liceodeourense.com\/2.0\/wp-content\/uploads\/sala-tertulia-reunion.jpg 914w, https:\/\/www.liceodeourense.com\/2.0\/wp-content\/uploads\/sala-tertulia-reunion-300x191.jpg 300w\" sizes=\"auto, (max-width: 640px) 100vw, 640px\" \/><\/a><br \/>\n<span style=\"color: #3366ff;\"><br \/>\nSal\u00f3n dotado con \u00a0un moderno sistema de megafon\u00eda y audiovisual para Conferencias:<\/span><\/h3>\n<h3><span style=\"color: #3366ff;\"><a href=\"http:\/\/www.liceodeourense.com\/2.0\/wp-content\/uploads\/foto-cuat.jpg\"><img loading=\"lazy\" decoding=\"async\" class=\"alignleft wp-image-2458\" src=\"http:\/\/www.liceodeourense.com\/2.0\/wp-content\/uploads\/foto-cuat.jpg\" alt=\"foto cuat\" width=\"726\" height=\"1089\" srcset=\"https:\/\/www.liceodeourense.com\/2.0\/wp-content\/uploads\/foto-cuat.jpg 1728w, https:\/\/www.liceodeourense.com\/2.0\/wp-content\/uploads\/foto-cuat-200x300.jpg 200w, https:\/\/www.liceodeourense.com\/2.0\/wp-content\/uploads\/foto-cuat-682x1024.jpg 682w\" sizes=\"auto, (max-width: 726px) 100vw, 726px\" \/><\/a><br \/>\nY salones para Coffe-Break , Cenas y Comidas de Empresa con men\u00fas con una relaci\u00f3n calidad-precio m<a href=\"http:\/\/www.liceodeourense.com\/2.0\/wp-content\/uploads\/SALA-TERTULIA-CENAS-2.jpg\"><span style=\"color: #3366ff;\"><img loading=\"lazy\" decoding=\"async\" class=\"alignleft wp-image-2399\" src=\"http:\/\/www.liceodeourense.com\/2.0\/wp-content\/uploads\/SALA-TERTULIA-CENAS-2.jpg\" alt=\"SALA-TERTULIA-CENAS-(2)\" width=\"700\" height=\"525\" srcset=\"https:\/\/www.liceodeourense.com\/2.0\/wp-content\/uploads\/SALA-TERTULIA-CENAS-2.jpg 1296w, https:\/\/www.liceodeourense.com\/2.0\/wp-content\/uploads\/SALA-TERTULIA-CENAS-2-300x225.jpg 300w, https:\/\/www.liceodeourense.com\/2.0\/wp-content\/uploads\/SALA-TERTULIA-CENAS-2-1024x768.jpg 1024w\" sizes=\"auto, (max-width: 700px) 100vw, 700px\" \/><\/span><\/a>uy ajustados:<\/span><\/h3>\n<h3><span style=\"color: #3366ff;\" data-mce-mark=\"1\"><a href=\"http:\/\/www.liceodeourense.com\/2.0\/wp-content\/uploads\/SALA-TERTULIA-CENAS-1.jpg\"><span style=\"color: #3366ff;\" data-mce-mark=\"1\"><img loading=\"lazy\" decoding=\"async\" class=\"alignleft wp-image-2398\" src=\"http:\/\/www.liceodeourense.com\/2.0\/wp-content\/uploads\/SALA-TERTULIA-CENAS-1.jpg\" alt=\"SALA-TERTULIA-CENAS-(1)\" width=\"700\" height=\"525\" srcset=\"https:\/\/www.liceodeourense.com\/2.0\/wp-content\/uploads\/SALA-TERTULIA-CENAS-1.jpg 1296w, https:\/\/www.liceodeourense.com\/2.0\/wp-content\/uploads\/SALA-TERTULIA-CENAS-1-300x225.jpg 300w, https:\/\/www.liceodeourense.com\/2.0\/wp-content\/uploads\/SALA-TERTULIA-CENAS-1-1024x768.jpg 1024w\" sizes=\"auto, (max-width: 700px) 100vw, 700px\" \/><\/span><\/a><\/span><\/h3>\n<p>&nbsp;<\/p>\n","protected":false},"excerpt":{"rendered":"<p>El Liceo de Ourense pone en marcha una serie de Servicios para Asociaciones, Instituciones y Empresas, poniendo a disposici\u00f3n Salas para Reuniones: Sal\u00f3n dotado con \u00a0un moderno sistema de megafon\u00eda y audiovisual para Conferencias: Y salones para Coffe-Break , Cenas y Comidas de Empresa con men\u00fas con una relaci\u00f3n calidad-precio muy ajustados: &nbsp;<\/p>\n","protected":false},"author":2,"featured_media":0,"parent":0,"menu_order":50,"comment_status":"open","ping_status":"closed","template":"","meta":{"footnotes":""},"class_list":["post-93","page","type-page","status-publish","hentry"],"_links":{"self":[{"href":"http:\/\/www.liceodeourense.com\/2.0\/index.php?rest_route=\/wp\/v2\/pages\/93","targetHints":{"allow":["GET"]}}],"collection":[{"href":"http:\/\/www.liceodeourense.com\/2.0\/index.php?rest_route=\/wp\/v2\/pages"}],"about":[{"href":"http:\/\/www.liceodeourense.com\/2.0\/index.php?rest_route=\/wp\/v2\/types\/page"}],"author":[{"embeddable":true,"href":"http:\/\/www.liceodeourense.com\/2.0\/index.php?rest_route=\/wp\/v2\/users\/2"}],"replies":[{"embeddable":true,"href":"http:\/\/www.liceodeourense.com\/2.0\/index.php?rest_route=%2Fwp%2Fv2%2Fcomments&post=93"}],"version-history":[{"count":10,"href":"http:\/\/www.liceodeourense.com\/2.0\/index.php?rest_route=\/wp\/v2\/pages\/93\/revisions"}],"predecessor-version":[{"id":6793,"href":"http:\/\/www.liceodeourense.com\/2.0\/index.php?rest_route=\/wp\/v2\/pages\/93\/revisions\/6793"}],"wp:attachment":[{"href":"http:\/\/www.liceodeourense.com\/2.0\/index.php?rest_route=%2Fwp%2Fv2%2Fmedia&parent=93"}],"curies":[{"name":"wp","href":"https:\/\/api.w.org\/{rel}","templated":true}]}}

<h3><span style="color: #3366ff;">El Liceo de Ourense pone en marcha una serie de Servicios para Asociaciones, Instituciones y Empresas, poniendo a disposición Salas para Reuniones:</span></h3>
<h3><a href="http://www.liceodeourense.com/2.0/wp-content/uploads/sala-tertulia-reunion-2.jpg"><img loading="lazy" decoding="async" class="alignleft wp-image-2432" src="http://www.liceodeourense.com/2.0/wp-content/uploads/sala-tertulia-reunion-2.jpg" alt="sala tertulia reunion 2" width="700" height="467" srcset="https://www.liceodeourense.com/2.0/wp-content/uploads/sala-tertulia-reunion-2.jpg 1000w, https://www.liceodeourense.com/2.0/wp-content/uploads/sala-tertulia-reunion-2-300x200.jpg 300w" sizes="auto, (max-width: 700px) 100vw, 700px" /></a> <a href="http://www.liceodeourense.com/2.0/wp-content/uploads/sala-tertulia-reunion.jpg"><img loading="lazy" decoding="async" class="alignleft wp-image-2433" src="http://www.liceodeourense.com/2.0/wp-content/uploads/sala-tertulia-reunion.jpg" alt="sala tertulia reunion" width="640" height="407" srcset="https://www.liceodeourense.com/2.0/wp-content/uploads/sala-tertulia-reunion.jpg 914w, https://www.liceodeourense.com/2.0/wp-content/uploads/sala-tertulia-reunion-300x191.jpg 300w" sizes="auto, (max-width: 640px) 100vw, 640px" /></a><br />
<span style="color: #3366ff;"><br />
Salón dotado con  un moderno sistema de megafonía y audiovisual para Conferencias:</span></h3>
<h3><span style="color: #3366ff;"><a href="http://www.liceodeourense.com/2.0/wp-content/uploads/foto-cuat.jpg"><img loading="lazy" decoding="async" class="alignleft wp-image-2458" src="http://www.liceodeourense.com/2.0/wp-content/uploads/foto-cuat.jpg" alt="foto cuat" width="726" height="1089" srcset="https://www.liceodeourense.com/2.0/wp-content/uploads/foto-cuat.jpg 1728w, https://www.liceodeourense.com/2.0/wp-content/uploads/foto-cuat-200x300.jpg 200w, https://www.liceodeourense.com/2.0/wp-content/uploads/foto-cuat-682x1024.jpg 682w" sizes="auto, (max-width: 726px) 100vw, 726px" /></a><br />
Y salones para Coffe-Break , Cenas y Comidas de Empresa con menús con una relación calidad-precio m<a href="http://www.liceodeourense.com/2.0/wp-content/uploads/SALA-TERTULIA-CENAS-2.jpg"><span style="color: #3366ff;"><img loading="lazy" decoding="async" class="alignleft wp-image-2399" src="http://www.liceodeourense.com/2.0/wp-content/uploads/SALA-TERTULIA-CENAS-2.jpg" alt="SALA-TERTULIA-CENAS-(2)" width="700" height="525" srcset="https://www.liceodeourense.com/2.0/wp-content/uploads/SALA-TERTULIA-CENAS-2.jpg 1296w, https://www.liceodeourense.com/2.0/wp-content/uploads/SALA-TERTULIA-CENAS-2-300x225.jpg 300w, https://www.liceodeourense.com/2.0/wp-content/uploads/SALA-TERTULIA-CENAS-2-1024x768.jpg 1024w" sizes="auto, (max-width: 700px) 100vw, 700px" /></span></a>uy ajustados:</span></h3>
<h3><span style="color: #3366ff;" data-mce-mark="1"><a href="http://www.liceodeourense.com/2.0/wp-content/uploads/SALA-TERTULIA-CENAS-1.jpg"><span style="color: #3366ff;" data-mce-mark="1"><img loading="lazy" decoding="async" class="alignleft wp-image-2398" src="http://www.liceodeourense.com/2.0/wp-content/uploads/SALA-TERTULIA-CENAS-1.jpg" alt="SALA-TERTULIA-CENAS-(1)" width="700" height="525" srcset="https://www.liceodeourense.com/2.0/wp-content/uploads/SALA-TERTULIA-CENAS-1.jpg 1296w, https://www.liceodeourense.com/2.0/wp-content/uploads/SALA-TERTULIA-CENAS-1-300x225.jpg 300w, https://www.liceodeourense.com/2.0/wp-content/uploads/SALA-TERTULIA-CENAS-1-1024x768.jpg 1024w" sizes="auto, (max-width: 700px) 100vw, 700px" /></span></a></span></h3>
<p>&nbsp;</p>

<p>El Liceo de Ourense pone en marcha una serie de Servicios para Asociaciones, Instituciones y Empresas, poniendo a disposición Salas para Reuniones: Salón dotado con  un moderno sistema de megafonía y audiovisual para Conferencias: Y salones para Coffe-Break , Cenas y Comidas de Empresa con menús con una relación calidad-precio muy ajustados: &nbsp;</p>
